*2 + 15*q + 55. Is f(-2) a prime number?
True
Is ((-383181)/(-2))/(-3 - 3)*4/(-1) a composite number?
False
Let f(s) = 2*s**3 + 9*s**2 - 9*s - 31. Let v(j) = -j**3 + 15 - 14*j**2 - 19*j**2 + 4*j + 0*j**3 + 29*j**2. Let a(k) = -3*f(k) - 7*v(k). Is a(7) composite?
False
Let l(y) = -6360*y**3 - 22*y**2 + 9*y - 4. Is l(-3) a prime number?
True
Let j(b) = 13 - 349*b - 570*b + 1 - 3. Is j(-2) a composite number?
True
Let w(x) = 3*x**2 + 17*x - 86. Let q = -483 - -531. Is w(q) prime?
False
Suppose -5*x + 3*i + 7 = -6, -x + 21 = 4*i. Suppose -3*n = -4*j - 8743, -3*j - 2270 = x*n - 16890. Is n composite?
True
Let a be 495/66 - 2/(-4). Suppose a*f - 5096 = 1320. Is f prime?
False
Suppose 0 = 370*u - 1144*u + 354406086. Is u composite?
False
Suppose -2*t + 12831 = -2*m - 13959, 53636 = 4*t + 4*m. Is t a prime number?
False
Let g(z) = -3 - 2 - 11*z + 68*z**3 + 9*z**2 + z - 95*z**3. Is g(-7) a prime number?
True
Let t be 18/4*(52 + -54). Is ((-227)/3)/(t/(-117))*-3 a composite number?
True
Let n(m) = -519*m - 3 + 29 - 24. Let f(t) = -t**3 - 4*t**2 - 2*t. Let z be f(-3). Is n(z) composite?
False
Let o(b) = -b**2 + 272*b - 2470. Is o(141) composite?
False
Let d be (9*(-15)/(-9))/1. Suppose 0 = 10*n - 5*n + d. Let b(o) = -5*o**3 - 8. Is b(n) prime?
True
Let y(u) = -13*u**2 - 10*u + 6. Let n(a) = a**2. Let s(t) = -2*n(t) - y(t). Let z be s(15). Let l = z - 1698. Is l a prime number?
False
Suppose 16*c + 68399 = 10*c + 657137. Is c prime?
True
Let w(a) = -31*a - 89. Let i be w(-8). Let l = -62 + i. Is l a prime number?
True
Let r be (9/(-4)*(-496)/6)/2. Suppose 0 = -2*p - 1999 - r. Let v = 1855 + p. Is v a prime number?
True
Let f be ((-34)/(-2) + -3)*(-5095)/(-10). Let h = f + -2248. Is h a prime number?
False
Let r = -197 + 196. Is (2477/r)/(8/(-8)) composite?
False
Let u(l) = -l**3 + 24*l**2 + 3*l + 25. Suppose -22 = 4*o - 102. Is u(o) a prime number?
False
Is -5 + 35/(805/3260618) composite?
False
Suppose 4*p = -5*c + 999547, 3*c + 5*p + 300851 = 900561. Is c composite?
True
Let k(z) = -7 - 8 + 59*z**2 - 5*z + 36. Is k(5) composite?
False
Let n(o) = -2*o**2 - 2*o + 4. Let w be n(0). Let r be (1794/w)/((-9)/(-24)). Suppose 2*h - 378 = r. Is h a prime number?
True
Let w(z) = -1. Let j be 2/(((-18)/(-45))/(2/10)). Let h(y) = 172*y + 33. Let i(g) = j*h(g) + 6*w(g). Is i(5) prime?
True
Let q(n) = 17*n**3 + 56*n**2 - 537*n + 37. Is q(36) a prime number?
False
Is (-45 - -42)*(-1)/3*38273 composite?
False
Let k(b) = -41*b**3 + 10*b**2 + 3*b - 1. Let n be 5 - 1 - (-6 - -2)/4. Suppose 2*t + n*v + 31 = 0, -3*t = -v - 4 + 8. Is k(t) a prime number?
True
Let l(c) = -c**2 - 87*c - 817. Let x be l(-12). Let n(j) = 3*j - 3. Let m be n(2). Suppose -3*d = -f + x, -6*f + m*f - d + 229 = 0. Is f prime?
False
Let q(o) = -10*o + 113. Let t be q(14). Is (-4)/(-18) - 66765/t - -1 composite?
True
Let a(n) = -n + 1. Let m(p) = 157*p**2 - 7*p + 4. Let b(s) = -4*a(s) + m(s). Let d(f) = 158*f**2 - 4*f + 1. Let i(o) = 4*b(o) - 3*d(o). Is i(-5) a prime number?
True
Suppose -l - 3*i + 553 = -i, 3*l + 4*i = 1649. Let z = l - -4634. Is z a prime number?
False
Let o be 14/49 + 100220/70. Let x = -205 + 1086. Let i = o - x. Is i a prime number?
False
Let x = 46 - 5. Let h = 235 + -228. Is -1 + h*(1 + x) a composite number?
False
Let p(g) = -24*g**3 - 3*g**2 - g + 5. Let s be p(-3). Suppose 5*r = -5*b - 1385, 1390 = -5*r - 3*b - b. Let k = r + s. Is k prime?
True
Suppose i - 67 = -26. Let z(k) = 2*k**2 - k**2 + 3*k + 7 - 40*k**3 + i*k**3. Is z(10) prime?
False
Let u(d) = 193*d**2 - 164*d - 296. Is u(-39) a prime number?
True
Let r = 26542 - -43835. Is r prime?
False
Let i be -1 + (-33)/(-22)*(-4)/(-3). Let n be (-1 - 0)/(i - 0). Let r(o) = 2608*o**2 - o. Is r(n) composite?
False
Let o = 83941 + -34602. Is o prime?
True
Let j(r) = 3*r**3 - 2*r**2 + 5*r - 12. Let f be j(5). Let l = 209 - f. Let i = 262 - l. Is i a prime number?
False
Let z = 35 - 33. Suppose 2*g + z - 8 = 0. Is g/(-3) - (-144)/6 prime?
True
Suppose 3*t = -727*y + 726*y + 672717, 5*y = -30. Is t a prime number?
False
Let a(p) = 492*p**2 - 7*p + 27. Let h be a(-17). Suppose -3*i - 2*i + h = 4*f, -4*i + 113868 = 4*f. Suppose 10*u = -8736 + i. Is u prime?
True
Suppose 2 = -14*f + 13*f. Let l be (f/(-4))/((-20)/(-40)). Is (l - 1707)/((-30)/15) prime?
True
Suppose 9*j - 6*j = -3*w - 12, 3*j = -5*w - 10. Suppose 0 = -9*l + 10*l + 4*s - 3167, -w = -s. Is l a composite number?
False
Suppose r - 60462 = -7*f, 7*r - 8*r = -3*f - 60512. Is r a prime number?
True
Let a(f) = -37*f**2 - 4*f - 2. Let t be 4/(-3) + 8/24. Let x(d) = d**2 + 1. Let k(g) = t*a(g) - 5*x(g). Is k(-4) composite?
True
Let h be -3 - 4556 - 2*(-15)/6. Let z = h + 7565. Is z a prime number?
True
Let f = 21 - 16. Suppose -5*x + 8258 + 446 = 4*n, 0 = 5*n - f*x - 10925. Suppose 3 = -p, 0 = -5*h - p + 1241 + n. Is h composite?
True
Let z(g) = 640*g - 86. Suppose -2*p - 4*m = -56, 4*m - 9*m = 3*p - 81. Is z(p) a prime number?
False
Suppose -3*y = r - 89333, 0 = -219*r + 223*r + 16. Is y a prime number?
False
Let x(o) = -183*o**2 - 19*o + 47. Let z(c) = -366*c**2 - 39*c + 95. Let i(w) = -5*x(w) + 2*z(w). Is i(4) a composite number?
True
Suppose -9*u + 99960 = -3*u. Suppose 4*y - 73672 = u. Is y prime?
False
Let p be (8/6)/(4 + 1406/(-351)). Let k be -102 - (0/2 - -1). Let x = k - p. Is x a prime number?
True
Is (-1)/((-7768)/863 + 9) a prime number?
True
Suppose 0 = 3*q + 4*n - 187041 + 55032, -3*n = -q + 44003. Is q a composite number?
True
Suppose -3*h + 548 + 595 = 0. Suppose -62*v + h = -65*v. Let b = -38 - v. Is b composite?
False
Let u(f) be the second derivative of -28*f**3/3 + 5*f**2/2 - 100*f + 2. Is u(-6) a prime number?
False
Let u(a) = 1251*a**2 + a + 37. Let z be u(-4). Let i = -8132 + z. Is i prime?
False
Is -2 + (-1 + -219171 - -1)*(83 - 84) a prime number?
True
Let k be -1*(-7 + -1) - (-3)/(-1). Let c be 4 + (3 - k - 0). Suppose 3*b = g + 785 + 886, c*b - 5*g - 1114 = 0. Is b a prime number?
True
Let o = 289 + -290. Is (((-211)/(-2))/(3/(-6)))/o prime?
True
Suppose 0 = -v + 8*v - 7. Let j be (4 - -2 - 2) + v. Suppose j*q + 2*w + 1308 - 3919 = 0, -q + 5*w = -506. Is q a prime number?
True
Let g be (-12 - -12)/(0 + 1) + 10. Let s(l) = 29 + 0*l**2 - 30*l + 46 - g + l**2. Is s(-32) a composite number?
True
Suppose 0*d = -3*d + 3, 2*l - 5*d - 5 = 0. Let f be 62/l - ((-8)/(-5))/4. Is (-1)/((-4)/1337) + (-3)/f composite?
True
Let s(w) = -10789*w - 2246. Is s(-7) prime?
True
Let r be (-9*2/(-21))/((-6)/(-56)). Is 2*47*(r - 121/22) prime?
False
Suppose -32*m + 22*m = -9715450. Is m a prime number?
False
Let x(t) = 6*t**3 + t**2 + t - 3. Let u be x(2). Suppose -48*s + u*s - 645 = 0. Is s prime?
False
Let l(f) = f + 1. Let h be l(2). Let g be -1569*(0 - (3 + (h - 5))). Suppose -v + 2*r + g = -3*r, 4*v + r - 6234 = 0. Is v prime?
True
Let q(z) = 25*z - 111. Let p be q(9). Let n = 449 - 260. Let a = n + p. Is a a composite number?
True
Let x(u) = 421*u**2 + 2*u + 2. Let v be x(-2). Let i = 5023 - v. Is i a composite number?
True
Let n(h) = -2*h**3 - h**2 - 3*h + 4. Let u be n(1). Is (u - 0 - -4)*(-154984)/(-16) composite?
False
Let p = -56 - -59. Suppose -7*s = -2*s. Suppose p*c = 0, 4*r + s*c - 5*c = 556. Is r a composite number?
False
Let c(h) = -h**3 + 46*h**2 - 36*h + 160. Let a be c(32). Is 44/(-6)*a/(-64) composite?
True
Let b(y) = -38978*y**3 - 3*y**2 + 10*y + 17. Is b(-2) prime?
False
Is (-416406)/(-18)*(-8)/(56/(-147)) prime?
False
Let b be -3*(5/3 + -4). Suppose 5*h - 10 = r + b, 3*h - 39 = -3*r. Is (16/(-12))/(r/(-228)) prime?
False
Suppose r + 4*q + 4 = 0, -r + 4*q - 2*q - 22 = 0. Let c be (-3)/9*((-4 - -8) + r). Is (462 - -5) + -4*(-2)/c prime?
False
Suppose -129919 + 25117 = -6*b. Is b a prime number?
True
Suppose 2*q = -2*i + 542624, 5*q - 164020 - 107304 = -i. Is i prime?
False
Let f(h) = h**2 - 9*h. Let t be f(9). Suppose 10 = 3*a - 4*o, 3*o - 1 = -2*a - t. Is (43 + 1 + a)/((-4)/(-26)) composite?
True
Let i(n) = 635 + 5*n + 1680 - 198. Is i(0) composite?
True
Let u = 517 - 516. Is (-25140)/(70/(-14)) + 0 + u a composite number?
True
Let w = 262377 - 111220. Is w prime?
True
Suppose -a = -3*v - 182735, 621147 - 72918 = 3*a - 3*v. Is a composite?
False
Suppose -3*v - b = 4 + 1, -20 = 5*v + 4*b. Suppose 2*g = -4*c + 3650 + 1484, v = -5*c + 2*g + 6404. Is c 